{"id":15,"date":"2023-08-02T14:03:07","date_gmt":"2023-08-02T12:03:07","guid":{"rendered":"https:\/\/www.ssre2024.ch\/?page_id=15"},"modified":"2024-05-06T14:27:08","modified_gmt":"2024-05-06T12:27:08","slug":"keynotes_speakers","status":"publish","type":"page","link":"https:\/\/www.ssre2024.ch\/index.php\/keynotes_speakers\/","title":{"rendered":"Keynote speakers"},"content":{"rendered":"\n<p>Siamo lieti di presentare le relatrici invitate e il relatore invitato che animeranno le sessioni plenarie previste in programma. Il loro sguardo esperto ci permetter\u00e0 di considerare il tema delle competenze trasversali in maniera critica, costruttiva e innovativa.<\/p>\n\n\n\n<div style=\"height:100px\" aria-hidden=\"true\" class=\"wp-block-spacer\"><\/div>\n\n\n\n<div class=\"wp-block-columns is-layout-flex wp-container-core-columns-is-layout-9d6595d7 wp-block-columns-is-layout-flex\">\n<div class=\"wp-block-column is-layout-flow wp-block-column-is-layout-flow\" style=\"flex-basis:100%\">\n<div class=\"wp-block-columns is-layout-flex wp-container-core-columns-is-layout-9d6595d7 wp-block-columns-is-layout-flex\">\n<div class=\"wp-block-column is-layout-flow wp-block-column-is-layout-flow\" style=\"flex-basis:33.33%\">\n<figure class=\"wp-block-image size-full\"><img loading=\"lazy\" decoding=\"async\" width=\"500\" height=\"500\" src=\"https:\/\/www.ssre2024.ch\/wp-content\/uploads\/2023\/10\/calarco.jpg\" alt=\"\" class=\"wp-image-631\" srcset=\"https:\/\/www.ssre2024.ch\/wp-content\/uploads\/2023\/10\/calarco.jpg 500w, https:\/\/www.ssre2024.ch\/wp-content\/uploads\/2023\/10\/calarco-300x300.jpg 300w, https:\/\/www.ssre2024.ch\/wp-content\/uploads\/2023\/10\/calarco-150x150.jpg 150w\" sizes=\"auto, (max-width: 500px) 100vw, 500px\" \/><\/figure>\n<\/div>\n\n\n\n<div class=\"wp-block-column is-layout-flow wp-block-column-is-layout-flow\" style=\"flex-basis:66.66%\">\n<h3 class=\"wp-block-heading\">Jessica McCrory Calarco<\/h3>\n\n\n\n<h2 class=\"wp-block-heading\">University of Wisconsin-Madison<\/h2>\n\n\n\n<p>Jessica Calarco \u00e8 Professoressa associata di Sociologia presso l&#8217;Universit\u00e0 del Wisconsin-Madison. La sua ricerca utilizza metodi qualitativi e misti per mettere in luce il potere del privilegio nelle famiglie e nelle scuole, nonch\u00e9 i miti che giustificano tale potere.<\/p>\n\n\n\n<p>Calarco \u00e8 stata insignita di numerosi premi per la sua carriera emergente, per l&#8217;insegnamento e per le pubblicazioni. Il suo primo libro, <em>&#8220;Negotiating Opportunities: How the Middle Class Secures Advantages in School,&#8221;<\/em> ha ricevuto il Premio Pierre Bourdieu per il miglior libro in Sociologia dell&#8217;Educazione. Il suo libro pi\u00f9 recente, <em>&#8220;Qualitative Literacy: A Guide to Evaluating Ethnographic and Interview Research,&#8221;<\/em> ha vinto il Premio per la Miglior pubblicazione in ambito metodologico. Calarco \u00e8 anche autrice di <em>&#8220;A Field Guide to Grad School: Uncovering the Hidden Curriculum,&#8221;<\/em> e il suo quarto libro, <em>&#8220;Holding It Together: How Women Became America&#8217;s Social Safety Net,&#8221;<\/em> sar\u00e0 pubblicato nel 2024 da Penguin Random House.<\/p>\n\n\n\n<p>In qualit\u00e0 di studiosa attiva nel dibattito pubblico, Calarco non solo pubblica i suoi lavori su prestigiose riviste accademiche, tra cui l&#8217;American Sociological Review, l&#8217;Annual Review of Sociology, l&#8217;American Educational Research Journal, Educational Researcher e Social Psychology Quarterly, ma ha anche scritto per importanti media, tra cui il New York Times, il Washington Post, l&#8217;Atlantic, Inside Higher Ed, CNN e NBC News.<\/p>\n\n\n\n<div style=\"height:100px\" aria-hidden=\"true\" class=\"wp-block-spacer\"><\/div>\n\n\n\n<p><\/p>\n<\/div>\n<\/div>\n\n\n\n<div class=\"wp-block-columns is-layout-flex wp-container-core-columns-is-layout-9d6595d7 wp-block-columns-is-layout-flex\">\n<div class=\"wp-block-column is-layout-flow wp-block-column-is-layout-flow\" style=\"flex-basis:33.33%\">\n<figure class=\"wp-block-image size-full\"><img loading=\"lazy\" decoding=\"async\" width=\"500\" height=\"500\" src=\"https:\/\/www.ssre2024.ch\/wp-content\/uploads\/2023\/10\/kuenzli-david-valsangiacomo.jpg\" alt=\"\" class=\"wp-image-675\" srcset=\"https:\/\/www.ssre2024.ch\/wp-content\/uploads\/2023\/10\/kuenzli-david-valsangiacomo.jpg 500w, https:\/\/www.ssre2024.ch\/wp-content\/uploads\/2023\/10\/kuenzli-david-valsangiacomo-300x300.jpg 300w, https:\/\/www.ssre2024.ch\/wp-content\/uploads\/2023\/10\/kuenzli-david-valsangiacomo-150x150.jpg 150w\" sizes=\"auto, (max-width: 500px) 100vw, 500px\" \/><\/figure>\n<\/div>\n\n\n\n<div class=\"wp-block-column is-layout-flow wp-block-column-is-layout-flow\" style=\"flex-basis:66.66%\">\n<h3 class=\"wp-block-heading\">Christine K\u00fcnzli David e Federica Valsangiacomo<\/h3>\n\n\n\n<h2 class=\"wp-block-heading\">P\u00e4dagogische Hochschule der Fachhochschule Nordwestschweiz<\/h2>\n\n\n\n<p>La Prof. Dr. Christine K\u00fcnzli David si \u00e8 formata come insegnante di scuola elementare e ha poi studiato educazione, psicologia ed ecologia generale all&#8217;Universit\u00e0 di Berna. Dal 1997 al 2007 ha lavorato come assistente di ricerca presso l\u2019\u00abInterfakult\u00e4ren Koordinationsstelle f\u00fcr Allgemeine \u00d6kologie (IKA\u00d6)\u00bb dell&#8217;Universit\u00e0 di Berna. Dal 1998 al 2004 ha lavorato come docente presso diversi istituti di formazione per insegnanti. Dal 2004 al 2007 \u00e8 stata co-responsabile del settore di ricerca \u00abEducazione e sviluppo sostenibile\u00bb presso l&#8217;istituto precedente alla PH FHNW e nel 2008 ha assunto la direzione della cattedra \u00abBildungstheorien und interdisziplinerer Unterricht\u00bb presso la PH FHNW. In qualit\u00e0 di direttrice della cattedra, ha lavorato per diversi anni sul tema dell&#8217;insegnamento interdisciplinare e, insieme al suo team, ha sviluppato il concetto dell\u2019insegnamento trasversale. La sua ricerca si concentra sull&#8217;educazione nel contesto dello sviluppo sostenibile e sull&#8217;insegnamento nel primo ciclo (Zyklus 1). Dal 2021 dirige l&#8217;Istituto \u00abKindergarten-\/Unterstufe (IKU)\u00bb della PH FHNW, che ha individuato il tema dell\u2019insegnamento trasversale come focus specifico dell&#8217;istituto.<\/p>\n\n\n\n<p>Federica Valsangiacomo (M.Sc.) ha studiato Scienze dell&#8217;educazione con specializzazione in psicopedagogia ed educazione e consulenza per la prima infanzia presso l&#8217;Universit\u00e0 di Friburgo (CH). Da oltre 10 anni insegna e fa ricerca presso la PH FHNW. Si occupa principalmente di educazione nel contesto dello sviluppo sostenibile e di inter- e transdisciplinariet\u00e0, in particolare di questioni relative all&#8217;educazione inter- e transdisciplinare e alla progettazione di processi inter- e transdisciplinari. Ha curato in prima persona lo sviluppo del concetto dell\u2019insegnamento trasversale. Dal 2021 ha assunto la direzione ad interim della cattedra \u00abBildungstheorien und interdisziplin\u00e4rer Unterricht\u00bb e del \u00abBNE-LAB\u00bb (ESS-LAB) dell&#8217;istituto. Nella sua tesi di dottorato, che sta per essere terminata, analizza i processi decisionali nel contesto dello sviluppo sostenibile.<\/p>\n<\/div>\n<\/div>\n\n\n\n<div style=\"height:100px\" aria-hidden=\"true\" class=\"wp-block-spacer\"><\/div>\n<\/div>\n<\/div>\n\n\n\n<div class=\"wp-block-columns is-layout-flex wp-container-core-columns-is-layout-9d6595d7 wp-block-columns-is-layout-flex\">\n<div class=\"wp-block-column is-layout-flow wp-block-column-is-layout-flow\" style=\"flex-basis:33.33%\">\n<figure class=\"wp-block-image size-full\"><img loading=\"lazy\" decoding=\"async\" width=\"500\" height=\"500\" src=\"https:\/\/www.ssre2024.ch\/wp-content\/uploads\/2023\/10\/rapanta.jpg\" alt=\"\" class=\"wp-image-617\" srcset=\"https:\/\/www.ssre2024.ch\/wp-content\/uploads\/2023\/10\/rapanta.jpg 500w, https:\/\/www.ssre2024.ch\/wp-content\/uploads\/2023\/10\/rapanta-300x300.jpg 300w, https:\/\/www.ssre2024.ch\/wp-content\/uploads\/2023\/10\/rapanta-150x150.jpg 150w\" sizes=\"auto, (max-width: 500px) 100vw, 500px\" \/><\/figure>\n<\/div>\n\n\n\n<div class=\"wp-block-column is-layout-flow wp-block-column-is-layout-flow\" style=\"flex-basis:66.66%\">\n<h3 class=\"wp-block-heading\">Chrysi Rapanta<\/h3>\n\n\n\n<h2 class=\"wp-block-heading\">Universidade Nova de Lisboa<\/h2>\n\n\n\n<p>La Dr. Chrysi Rapanta lavora come Ricercatrice senior e Professoressa a contratto invitata presso la Facolt\u00e0 di Scienze Sociali e Umanistiche dell&#8217;Universidade Nova di Lisbona, Portogallo. Ha conseguito il dottorato in Comunicazione presso l&#8217;Universit\u00e0 della Svizzera italiana, con un focus sulla progettazione e lo sviluppo dell&#8217;e-learning. Ha lavorato e vissuto in Grecia, Spagna, Svizzera, Emirati Arabi Uniti e Portogallo. La sua formazione \u00e8 altamente interdisciplinare, congiungendo i campi della comunicazione, della filosofia e dell&#8217;educazione. Dal 2015, conduce ricerche presso il Laboratorio di Argomentazione, Cognizione e Linguaggio dell&#8217;Istituto di Filosofia NOVA. Una parte significativa del suo lavoro si concentra sulla formazione degli insegnanti di diversi livelli e discipline, riguardo a metodi e strumenti concreti che possono essere applicati con l&#8217;obiettivo di sviluppare le competenze di ragionamento critico degli studenti. Il suo lavoro \u00e8 stato ampiamente pubblicato in prestigiose riviste scientifiche come la Review of Educational Research, Teaching and Teacher Education, British Journal of Educational Technology e Educational Psychology Review. \u00c8 stata la ricercatrice principale in diversi progetti di ricerca nazionali e internazionali focalizzati sull\u2019insegnamento basato sull\u2019argomentazione e gli aspetti dialogici, sull\u2019educazione digitale, sulla cittadinanza attiva e l\u2019interculturalit\u00e0. Il suo nome compare nella World&#8217;s Top 2% Scientists List for 2021, promossa da Scopus.<\/p>\n<\/div>\n<\/div>\n\n\n\n<div style=\"height:100px\" aria-hidden=\"true\" class=\"wp-block-spacer\"><\/div>\n\n\n\n<div class=\"wp-block-columns is-layout-flex wp-container-core-columns-is-layout-9d6595d7 wp-block-columns-is-layout-flex\">\n<div class=\"wp-block-column is-layout-flow wp-block-column-is-layout-flow\" style=\"flex-basis:33.33%\">\n<figure class=\"wp-block-image size-full\"><img loading=\"lazy\" decoding=\"async\" width=\"500\" height=\"500\" src=\"https:\/\/www.ssre2024.ch\/wp-content\/uploads\/2024\/05\/ghislieri.jpg\" alt=\"\" class=\"wp-image-1178\" srcset=\"https:\/\/www.ssre2024.ch\/wp-content\/uploads\/2024\/05\/ghislieri.jpg 500w, https:\/\/www.ssre2024.ch\/wp-content\/uploads\/2024\/05\/ghislieri-300x300.jpg 300w, https:\/\/www.ssre2024.ch\/wp-content\/uploads\/2024\/05\/ghislieri-150x150.jpg 150w\" sizes=\"auto, (max-width: 500px) 100vw, 500px\" \/><\/figure>\n<\/div>\n\n\n\n<div class=\"wp-block-column is-layout-flow wp-block-column-is-layout-flow\" style=\"flex-basis:66.66%\">\n<h3 class=\"wp-block-heading\">Chiara Ghislieri<\/h3>\n\n\n\n<h2 class=\"wp-block-heading\">Universit\u00e0 degli Studi di Torino<\/h2>\n\n\n\n<p>Chiara Ghislieri \u00e8 Professoressa Ordinaria di Psicologia del lavoro e delle organizzazioni presso il Dipartimento di Psicologia dell\u2019Universit\u00e0 degli Studi di Torino, dove insegna Psicologia della formazione e dell\u2019orientamento.&nbsp;<\/p>\n\n\n\n<p>I suoi temi di ricerca riguardano diversi aspetti della psicologia applicata al lavoro: l\u2019equilibrio tra vita lavorativa e personale; il ruolo della leadership, positiva e distruttiva, nelle dinamiche organizzative; l\u2019uso delle tecnologie per scopi lavorativi e il diritto alla disconnessione; le competenze trasversali, interculturali e digitali; la progettazione dell\u2019orientamento e della formazione.<\/p>\n\n\n\n<p>\u00c8 autrice di un centinaio di saggi e ricerche scientifiche, pubblicate su riviste di rilevanza internazionale. Ha inoltre scritto \u201cAvere leadership\u201d (con G.P. Quaglino) e \u201cPsicologia della conciliazione tra lavoro e famiglia\u201d (con L. Colombo).\u00a0Accanto all\u2019attivit\u00e0 di ricerca, realizzata attraverso metodologie qualitative e quantitative, \u00e8 impegnata in diversi progetti applicativi, in cui le conoscenze si riflettono nelle pratiche di sviluppo organizzativo e di sostegno alla crescita individuale, attraverso la progettazione e il monitoraggio di percorsi di orientamento e di formazione. Per l\u2019Ateneo di Torino segue diversi progetti in tema di soft skill (es. Passport; \u00a0<a href=\"https:\/\/www.passport.unito.it\/\">https:\/\/www.passport.unito.it\/<\/a>).\u00a0<\/p>\n<\/div>\n<\/div>\n","protected":false},"excerpt":{"rendered":"<p>Siamo lieti di presentare le relatrici invitate e il relatore invitato che animeranno le sessioni plenarie previste in programma. Il loro sguardo esperto ci permetter\u00e0 di considerare il tema delle competenze trasversali in maniera critica, costruttiva e innovativa. Jessica McCrory Calarco University of Wisconsin-Madison Jessica Calarco \u00e8 Professoressa associata di [&hellip;]<\/p>\n","protected":false},"author":1,"featured_media":0,"parent":0,"menu_order":0,"comment_status":"closed","ping_status":"closed","template":"pages-template.php","meta":{"footnotes":""},"class_list":["post-15","page","type-page","status-publish","hentry"],"_links":{"self":[{"href":"https:\/\/www.ssre2024.ch\/index.php\/wp-json\/wp\/v2\/pages\/15","targetHints":{"allow":["GET"]}}],"collection":[{"href":"https:\/\/www.ssre2024.ch\/index.php\/wp-json\/wp\/v2\/pages"}],"about":[{"href":"https:\/\/www.ssre2024.ch\/index.php\/wp-json\/wp\/v2\/types\/page"}],"author":[{"embeddable":true,"href":"https:\/\/www.ssre2024.ch\/index.php\/wp-json\/wp\/v2\/users\/1"}],"replies":[{"embeddable":true,"href":"https:\/\/www.ssre2024.ch\/index.php\/wp-json\/wp\/v2\/comments?post=15"}],"version-history":[{"count":27,"href":"https:\/\/www.ssre2024.ch\/index.php\/wp-json\/wp\/v2\/pages\/15\/revisions"}],"predecessor-version":[{"id":1519,"href":"https:\/\/www.ssre2024.ch\/index.php\/wp-json\/wp\/v2\/pages\/15\/revisions\/1519"}],"wp:attachment":[{"href":"https:\/\/www.ssre2024.ch\/index.php\/wp-json\/wp\/v2\/media?parent=15"}],"curies":[{"name":"wp","href":"https:\/\/api.w.org\/{rel}","templated":true}]}}