{"id":60,"date":"2023-08-02T13:55:23","date_gmt":"2023-08-02T11:55:23","guid":{"rendered":"https:\/\/www.ssre2024.ch\/index.php\/home\/"},"modified":"2024-07-16T14:21:28","modified_gmt":"2024-07-16T12:21:28","slug":"home","status":"publish","type":"page","link":"https:\/\/www.ssre2024.ch\/index.php\/home\/?lang=fr","title":{"rendered":"Home"},"content":{"rendered":"\n<p><br\/>Bienvenue!<br\/><br\/>Le D\u00e9partement formation et apprentissage \/ Haute \u00e9cole p\u00e9dagogique (DFA\/ASP) de la SUPSI, la Haute \u00e9cole f\u00e9d\u00e9rale en formation professionnelle (HEFP) et la Soci\u00e9t\u00e9 suisse pour la formation des enseignantes et enseignants (SSFI), vous souhaitent la bienvenue sur le site du Congr\u00e8s de la Soci\u00e9t\u00e9 suisse pour la recherche en \u00e9ducation (SSRE) 2024.<br\/><br\/>Le congr\u00e8s se tient \u00e0 Locarno du 26 au 28 juin 2024 et porte sur le th\u00e8me <strong>\u201cComp\u00e9tences transversales dans l&#8217;\u00e9ducation et la formation : des discours aux pratiques\u201d.<\/strong> <br\/><br\/>L&#8217;appel \u00e0 communications pour la soumission de contributions est clos.<br\/><br\/>Il n&#8217;est malheureusement plus possible de s&#8217;inscrire au congr\u00e8s SSRE 2024 car le nombre maximum de participants a \u00e9t\u00e9 atteint. Si vous \u00eates un auteur et que vous ne vous \u00eates pas encore inscrit, veuillez contacter le secr\u00e9tariat \u00e0 l&#8217;adresse suivante : <a href=\"mailto:ssre2024@supsi.ch\">ssre2024@supsi.ch <\/a><\/p>\n\n<p><\/p>\n\n<p><\/p>\n\n<div style=\"height:46px\" aria-hidden=\"true\" class=\"wp-block-spacer\"><\/div>\n\n<h2 class=\"wp-block-heading\">Contact<\/h2>\n\n<p>Secr\u00e9tariat: <a href=\"mailto:ssre2024@supsi.ch\">ssre2024@supsi.ch<\/a><\/p>\n\n<div style=\"height:46px\" aria-hidden=\"true\" class=\"wp-block-spacer\"><\/div>\n\n<p style=\"font-size:27px\"><strong>Lieux du congr\u00e8s<\/strong><\/p>\n\n<p><strong>SUPSI &#8211; DFA\/ASP <\/strong><\/p>\n\n<p>Piazza San Francesco 19, 6600 Locarno<\/p>\n\n<p><strong>Teatro di Locarno<\/strong><\/p>\n\n<p>Largo Franco Zorzi 1, 6600 Locarno<\/p>\n\n<p><strong>PalaCinema<\/strong><\/p>\n\n<p>Piazza Remo Rossi 1, 6600 Locarno<\/p>\n\n<p><strong>BLU Restaurant &amp; Lounge<\/strong><\/p>\n\n<p>Via Gioacchino Respini 9, 6600 Locarno<\/p>\n\n<p><\/p>\n\n<div style=\"height:50px\" aria-hidden=\"true\" class=\"wp-block-spacer\"><\/div>\n","protected":false},"excerpt":{"rendered":"<p>Bienvenue! Le D\u00e9partement formation et apprentissage \/ Haute \u00e9cole p\u00e9dagogique (DFA\/ASP) de la SUPSI, la Haute \u00e9cole f\u00e9d\u00e9rale en formation professionnelle (HEFP) et la Soci\u00e9t\u00e9 suisse pour la formation des enseignantes et enseignants (SSFI), vous souhaitent la bienvenue sur le site du Congr\u00e8s de la Soci\u00e9t\u00e9 suisse pour la recherche [&hellip;]<\/p>\n","protected":false},"author":1,"featured_media":0,"parent":0,"menu_order":0,"comment_status":"closed","ping_status":"closed","template":"pages-template.php","meta":{"footnotes":""},"class_list":["post-60","page","type-page","status-publish","hentry"],"_links":{"self":[{"href":"https:\/\/www.ssre2024.ch\/index.php\/wp-json\/wp\/v2\/pages\/60","targetHints":{"allow":["GET"]}}],"collection":[{"href":"https:\/\/www.ssre2024.ch\/index.php\/wp-json\/wp\/v2\/pages"}],"about":[{"href":"https:\/\/www.ssre2024.ch\/index.php\/wp-json\/wp\/v2\/types\/page"}],"author":[{"embeddable":true,"href":"https:\/\/www.ssre2024.ch\/index.php\/wp-json\/wp\/v2\/users\/1"}],"replies":[{"embeddable":true,"href":"https:\/\/www.ssre2024.ch\/index.php\/wp-json\/wp\/v2\/comments?post=60"}],"version-history":[{"count":35,"href":"https:\/\/www.ssre2024.ch\/index.php\/wp-json\/wp\/v2\/pages\/60\/revisions"}],"predecessor-version":[{"id":1811,"href":"https:\/\/www.ssre2024.ch\/index.php\/wp-json\/wp\/v2\/pages\/60\/revisions\/1811"}],"wp:attachment":[{"href":"https:\/\/www.ssre2024.ch\/index.php\/wp-json\/wp\/v2\/media?parent=60"}],"curies":[{"name":"wp","href":"https:\/\/api.w.org\/{rel}","templated":true}]}}